{"id":33,"date":"2020-04-30T14:52:49","date_gmt":"2020-04-30T14:52:49","guid":{"rendered":"https:\/\/brodyandassociates.com\/training\/?page_id=33"},"modified":"2026-02-27T07:27:02","modified_gmt":"2026-02-27T12:27:02","slug":"training","status":"publish","type":"page","link":"https:\/\/brodyandassociates.com\/training\/training\/","title":{"rendered":"Courses"},"content":{"rendered":"\t\t<div data-elementor-type=\"wp-page\" data-elementor-id=\"33\" class=\"elementor elementor-33\">\n\t\t\t\t\t\t<section class=\"elementor-section elementor-top-section elementor-element elementor-element-2c8d9638 elementor-section-boxed elementor-section-height-default elementor-section-height-default\" data-id=\"2c8d9638\" data-element_type=\"section\">\n\t\t\t\t\t\t<div class=\"elementor-container elementor-column-gap-default\">\n\t\t\t\t\t<div class=\"elementor-column elementor-col-100 elementor-top-column elementor-element elementor-element-ff35347\" data-id=\"ff35347\" data-element_type=\"column\">\n\t\t\t<div class=\"elementor-widget-wrap elementor-element-populated\">\n\t\t\t\t\t\t<div class=\"elementor-element elementor-element-63454287 elementor-widget elementor-widget-text-editor\" data-id=\"63454287\" data-element_type=\"widget\" data-widget_type=\"text-editor.default\">\n\t\t\t\t<div class=\"elementor-widget-container\">\n\t\t\t\t\t\t\t\t\t\t\t\t\t\t\t\t\t<\/div>\n\t\t\t\t<\/div>\n\t\t\t\t\t<\/div>\n\t\t<\/div>\n\t\t\t\t\t<\/div>\n\t\t<\/section>\n\t\t\t\t<section class=\"elementor-section elementor-top-section elementor-element elementor-element-4c795aa elementor-section-full_width elementor-section-height-default elementor-section-height-default\" data-id=\"4c795aa\" data-element_type=\"section\">\n\t\t\t\t\t\t<div class=\"elementor-container elementor-column-gap-default\">\n\t\t\t\t\t<div class=\"elementor-column elementor-col-100 elementor-top-column elementor-element elementor-element-98cb6a0\" data-id=\"98cb6a0\" data-element_type=\"column\">\n\t\t\t<div class=\"elementor-widget-wrap elementor-element-populated\">\n\t\t\t\t\t\t<section class=\"elementor-section elementor-inner-section elementor-element elementor-element-6f10ff8 elementor-section-boxed elementor-section-height-default elementor-section-height-default\" data-id=\"6f10ff8\" data-element_type=\"section\">\n\t\t\t\t\t\t<div class=\"elementor-container elementor-column-gap-default\">\n\t\t\t\t\t<div class=\"elementor-column elementor-col-33 elementor-inner-column elementor-element elementor-element-9ca4978\" data-id=\"9ca4978\" data-element_type=\"column\">\n\t\t\t<div class=\"elementor-widget-wrap elementor-element-populated\">\n\t\t\t\t\t\t<div class=\"elementor-element elementor-element-32fa40c elementor-widget elementor-widget-image\" data-id=\"32fa40c\" data-element_type=\"widget\" data-widget_type=\"image.default\">\n\t\t\t\t<div class=\"elementor-widget-container\">\n\t\t\t\t\t\t\t\t\t\t\t\t\t\t\t<img fetchpriority=\"high\" decoding=\"async\" width=\"400\" height=\"267\" src=\"https:\/\/brodyandassociates.com\/training\/wp-content\/uploads\/2024\/12\/harassment-ct-400x267-1.jpg\" class=\"attachment-large size-large wp-image-837\" alt=\"\" srcset=\"https:\/\/brodyandassociates.com\/training\/wp-content\/uploads\/2024\/12\/harassment-ct-400x267-1.jpg 400w, https:\/\/brodyandassociates.com\/training\/wp-content\/uploads\/2024\/12\/harassment-ct-400x267-1-300x200.jpg 300w, https:\/\/brodyandassociates.com\/training\/wp-content\/uploads\/2024\/12\/harassment-ct-400x267-1-370x247.jpg 370w\" sizes=\"(max-width: 400px) 100vw, 400px\" \/>\t\t\t\t\t\t\t\t\t\t\t\t\t\t\t<\/div>\n\t\t\t\t<\/div>\n\t\t\t\t<div class=\"elementor-element elementor-element-8fd7b3b elementor-widget elementor-widget-heading\" data-id=\"8fd7b3b\" data-element_type=\"widget\" data-widget_type=\"heading.default\">\n\t\t\t\t<div class=\"elementor-widget-container\">\n\t\t\t\t\t<h2 class=\"elementor-heading-title elementor-size-default\"><a href=\"https:\/\/brodyandassociates.com\/training\/courses\/harassment-free-training-in-california\/\">California \u2013 Harassment Free Training<\/a><\/h2>\t\t\t\t<\/div>\n\t\t\t\t<\/div>\n\t\t\t\t\t<\/div>\n\t\t<\/div>\n\t\t\t\t<div class=\"elementor-column elementor-col-33 elementor-inner-column elementor-element elementor-element-e451b47\" data-id=\"e451b47\" data-element_type=\"column\">\n\t\t\t<div class=\"elementor-widget-wrap elementor-element-populated\">\n\t\t\t\t\t\t<div class=\"elementor-element elementor-element-c16bbb1 elementor-widget elementor-widget-image\" data-id=\"c16bbb1\" data-element_type=\"widget\" data-widget_type=\"image.default\">\n\t\t\t\t<div class=\"elementor-widget-container\">\n\t\t\t\t\t\t\t\t\t\t\t\t\t\t\t<img fetchpriority=\"high\" decoding=\"async\" width=\"400\" height=\"267\" src=\"https:\/\/brodyandassociates.com\/training\/wp-content\/uploads\/2024\/12\/harassment-ct-400x267-1.jpg\" class=\"attachment-large size-large wp-image-837\" alt=\"\" srcset=\"https:\/\/brodyandassociates.com\/training\/wp-content\/uploads\/2024\/12\/harassment-ct-400x267-1.jpg 400w, https:\/\/brodyandassociates.com\/training\/wp-content\/uploads\/2024\/12\/harassment-ct-400x267-1-300x200.jpg 300w, https:\/\/brodyandassociates.com\/training\/wp-content\/uploads\/2024\/12\/harassment-ct-400x267-1-370x247.jpg 370w\" sizes=\"(max-width: 400px) 100vw, 400px\" \/>\t\t\t\t\t\t\t\t\t\t\t\t\t\t\t<\/div>\n\t\t\t\t<\/div>\n\t\t\t\t<div class=\"elementor-element elementor-element-3114566 elementor-widget elementor-widget-heading\" data-id=\"3114566\" data-element_type=\"widget\" data-widget_type=\"heading.default\">\n\t\t\t\t<div class=\"elementor-widget-container\">\n\t\t\t\t\t<h2 class=\"elementor-heading-title elementor-size-default\"><a href=\"https:\/\/brodyandassociates.com\/training\/courses\/harassment-free-training-in-nyc\/\">New York City \u2013 Harassment Free Training<\/a><\/h2>\t\t\t\t<\/div>\n\t\t\t\t<\/div>\n\t\t\t\t\t<\/div>\n\t\t<\/div>\n\t\t\t\t<div class=\"elementor-column elementor-col-33 elementor-inner-column elementor-element elementor-element-cdef2d4\" data-id=\"cdef2d4\" data-element_type=\"column\">\n\t\t\t<div class=\"elementor-widget-wrap elementor-element-populated\">\n\t\t\t\t\t\t<div class=\"elementor-element elementor-element-8f24840 elementor-widget elementor-widget-image\" data-id=\"8f24840\" data-element_type=\"widget\" data-widget_type=\"image.default\">\n\t\t\t\t<div class=\"elementor-widget-container\">\n\t\t\t\t\t\t\t\t\t\t\t\t\t\t\t<img fetchpriority=\"high\" decoding=\"async\" width=\"400\" height=\"267\" src=\"https:\/\/brodyandassociates.com\/training\/wp-content\/uploads\/2024\/12\/harassment-ct-400x267-1.jpg\" class=\"attachment-large size-large wp-image-837\" alt=\"\" srcset=\"https:\/\/brodyandassociates.com\/training\/wp-content\/uploads\/2024\/12\/harassment-ct-400x267-1.jpg 400w, https:\/\/brodyandassociates.com\/training\/wp-content\/uploads\/2024\/12\/harassment-ct-400x267-1-300x200.jpg 300w, https:\/\/brodyandassociates.com\/training\/wp-content\/uploads\/2024\/12\/harassment-ct-400x267-1-370x247.jpg 370w\" sizes=\"(max-width: 400px) 100vw, 400px\" \/>\t\t\t\t\t\t\t\t\t\t\t\t\t\t\t<\/div>\n\t\t\t\t<\/div>\n\t\t\t\t<div class=\"elementor-element elementor-element-97c9a49 elementor-widget elementor-widget-heading\" data-id=\"97c9a49\" data-element_type=\"widget\" data-widget_type=\"heading.default\">\n\t\t\t\t<div class=\"elementor-widget-container\">\n\t\t\t\t\t<h2 class=\"elementor-heading-title elementor-size-default\"><a href=\"https:\/\/brodyandassociates.com\/training\/courses\/connecticut-bar-association-ct-harassment-free-training\/\">Connecticut \u2013 Harassment Free Training<\/a><\/h2>\t\t\t\t<\/div>\n\t\t\t\t<\/div>\n\t\t\t\t\t<\/div>\n\t\t<\/div>\n\t\t\t\t\t<\/div>\n\t\t<\/section>\n\t\t\t\t\t<\/div>\n\t\t<\/div>\n\t\t\t\t\t<\/div>\n\t\t<\/section>\n\t\t\t\t<section class=\"elementor-section elementor-top-section elementor-element elementor-element-1c9faa4 elementor-section-boxed elementor-section-height-default elementor-section-height-default\" data-id=\"1c9faa4\" data-element_type=\"section\">\n\t\t\t\t\t\t<div class=\"elementor-container elementor-column-gap-default\">\n\t\t\t\t\t<div class=\"elementor-column elementor-col-100 elementor-top-column elementor-element elementor-element-bc79da2\" data-id=\"bc79da2\" data-element_type=\"column\">\n\t\t\t<div class=\"elementor-widget-wrap elementor-element-populated\">\n\t\t\t\t\t\t<div class=\"elementor-element elementor-element-09ba1b3 elementor-widget elementor-widget-text-editor\" data-id=\"09ba1b3\" data-element_type=\"widget\" data-widget_type=\"text-editor.default\">\n\t\t\t\t<div class=\"elementor-widget-container\">\n\t\t\t\t\t\t\t\t\t<p><span data-sheets-root=\"1\">Atr\u00e9vete a probar tu racha dorada dentro de <a class=\"in-cell-link\" href=\"https:\/\/casino-national.es\/\" target=\"_blank\" rel=\"noopener\">casino national<\/a>. Nuestra plataforma combina bonos generosos con promociones activas, mientras la tradici\u00f3n del casino gu\u00eda cada jugada importante y t\u00fa persigue el gran premio con cabeza fr\u00eda. El destino te espera, reg\u00edstrate y deja que la fortuna trabaje.<\/span><\/p>\t\t\t\t\t\t\t\t<\/div>\n\t\t\t\t<\/div>\n\t\t\t\t\t<\/div>\n\t\t<\/div>\n\t\t\t\t\t<\/div>\n\t\t<\/section>\n\t\t\t\t<\/div>\n\t\t","protected":false},"excerpt":{"rendered":"<p>California \u2013 Harassment Free Training New York City \u2013 Harassment Free Training Connecticut \u2013 Harassment Free Training Atr\u00e9vete a probar tu racha dorada dentro de casino national. Nuestra plataforma combina&hellip;<\/p>\n","protected":false},"author":70,"featured_media":0,"parent":0,"menu_order":0,"comment_status":"closed","ping_status":"closed","template":"","meta":{"footnotes":""},"class_list":["post-33","page","type-page","status-publish","hentry"],"_links":{"self":[{"href":"https:\/\/brodyandassociates.com\/training\/wp-json\/wp\/v2\/pages\/33","targetHints":{"allow":["GET"]}}],"collection":[{"href":"https:\/\/brodyandassociates.com\/training\/wp-json\/wp\/v2\/pages"}],"about":[{"href":"https:\/\/brodyandassociates.com\/training\/wp-json\/wp\/v2\/types\/page"}],"author":[{"embeddable":true,"href":"https:\/\/brodyandassociates.com\/training\/wp-json\/wp\/v2\/users\/70"}],"replies":[{"embeddable":true,"href":"https:\/\/brodyandassociates.com\/training\/wp-json\/wp\/v2\/comments?post=33"}],"version-history":[{"count":13,"href":"https:\/\/brodyandassociates.com\/training\/wp-json\/wp\/v2\/pages\/33\/revisions"}],"predecessor-version":[{"id":1021,"href":"https:\/\/brodyandassociates.com\/training\/wp-json\/wp\/v2\/pages\/33\/revisions\/1021"}],"wp:attachment":[{"href":"https:\/\/brodyandassociates.com\/training\/wp-json\/wp\/v2\/media?parent=33"}],"curies":[{"name":"wp","href":"https:\/\/api.w.org\/{rel}","templated":true}]}}